
Suppose -5*s + 7 = 2*q - 10, q - 4*s = 15. Suppose -3*a - 12 = d - 41, -5*d + 60 = -2*a. Suppose b - d = 18. Calculate the remainder when b is divided by q.
10
Let k(r) = r**2 - 5*r + 7. Suppose a - 3 - 1 = 0. Suppose -a*b + 2*x + 38 = -0*x, b + 4*x = -13. What is the remainder when k(6) is divided by b?
6
Let b be 4/10 + (-1526)/(-10). Let o = b - 99. Calculate the remainder when o is divided by 14.
12
Let o(q) = q**2 - 9*q + 8. Let p be o(9). Calculate the remainder when 15 is divided by (-2)/p + 66/8.
7
Let g(q) = q**3 - 3*q**2. Let w(s) = s**3 + 7*s**2 + 4*s - 8. Let u be w(-6). What is the remainder when 45 is divided by g(u)?
13
Suppose 5 = -5*w + 10. Let u(o) = 23*o**3 - o**2 + 1. What is the remainder when u(w) is divided by 13?
10
Let l(v) = v**2 + 7*v + 2. Calculate the remainder when 35 is divided by l(-9).
15
Let x(l) = -l**2 + l + 11. Let w = -18 + 22. Calculate the remainder when x(0) is divided by w.
3
Let w be (-6)/12*0/1. Let z = w + 14. Calculate the remainder when 41 is divided by z.
13
Let r(c) = 2*c**2 - 6*c - 2. Calculate the remainder when 22 is divided by r(4).
4
Suppose 2*k - 10 = -3*k. What is the remainder when 2/((-26)/14 + k) is divided by 8?
6
Let f = -23 + 28. Suppose -2*q + 9 = q. Let x = f + q. Calculate the remainder when 23 is divided by x.
7
Calculate the remainder when 24/60 - 526/(-10) is divided by ((-9)/6)/(1/(-12)).
17
Suppose -4*j + 171 = -13. Calculate the remainder when j is divided by 12.
10
Suppose -4*m = -5*m + 42. Calculate the remainder when m is divided by 23.
19
Let f be 7 - 9/(-6)*-2. Suppose -3 = -5*n - 4*w + f, 5*w = 3*n - 19. Calculate the remainder when 8 is divided by n.
2
Let l(c) = 3*c**2 - 4*c - 5. Let q(f) = 13*f**2 - f + 2. What is the remainder when l(4) is divided by q(1)?
13
Let u = 173 - 114. What is the remainder when u is divided by 13?
7
Calculate the remainder when (-174)/(-10) + 2/(-5) is divided by 4.
1
Suppose -4*z = -7*z - 39. Let b = z + 31. What is the remainder when b is divided by 10?
8
Suppose -110 - 100 = -5*q. What is the remainder when q is divided by 15?
12
Let h(t) = 2*t**2 - 14*t + 17. Calculate the remainder when h(11) is divided by 27.
24
Suppose 4*v - 12 = -5*t + 235, 0 = -3*v - t + 188. What is the remainder when v is divided by 16?
15
Let g(n) = -7*n**2 + 17*n**2 - 21 + 13*n - 11*n**2. What is the remainder when 29/(0 - (-1)/1) is divided by g(9)?
14
Suppose 3*a - 52 = -2*d, 0*d = -3*d - 4*a + 77. Let r = -98 - -106. Calculate the remainder when d is divided by r.
7
Suppose c - 19 + 69 = 5*a, 0 = -4*c - 20. Suppose 0 = 2*g - 4*n - 28, n - 2 - 5 = -3*g. Calculate the remainder when a is divided by g.
1
Calculate the remainder when 91 is divided by (-93)/(-4) + ((-42)/(-24) - 2).
22
Let i(h) = -h**2 + 11*h - 11. Let b be i(9). Let o = b + -1. What is the remainder when 9 is divided by o?
3
Suppose -m - 111 = -3*f, -3*f + 0*m = m - 105. Calculate the remainder when f is divided by 19.
17
Let i(d) = 11*d**3 + 17*d**2 - 20*d + 3. Let s(m) = 4*m**3 + 6*m**2 - 7*m + 1. Let j(l) = -6*i(l) + 17*s(l). Calculate the remainder when 4 is divided by j(1).
0
Let v = -114 - -179. Calculate the remainder when v is divided by 17.
14
Let y be (4/(-3))/((-8)/132). Suppose -y = -o + 2*t + 32, 4*t = -4*o + 240. Calculate the remainder when o is divided by 12.
10
Suppose -48 = -3*k - 5*s - 0, -2*k + 4*s + 10 = 0. Calculate the remainder when ((-30)/8)/((-21)/112) is divided by k.
9
Suppose -2 - 24 = 2*p. Let v = p - -40. What is the remainder when v is divided by 14?
13
Suppose 5 = q, -n - 7 = -0*q - 2*q. What is the remainder when 74 is divided by 66/n + 3 - 0?
24
Let i(d) = -31*d**3 + 0*d + 2*d - 6*d**2 - 3 + 30*d**3. Let t be (7/(-3))/(1/3). What is the remainder when i(t) is divided by 11?
10
Let m(n) = 2*n - 8. What is the remainder when 35 is divided by m(11)?
7
Let s = -2 - -7. Suppose 0 = -s*c + 4*c - 4. Let x = 12 + c. What is the remainder when 13 is divided by x?
5
Let o = -109 + 165. Suppose 3*h + h - o = 0. Calculate the remainder when h is divided by 6/((-2)/8 - -1).
6
Let m = -40 - -67. What is the remainder when m is divided by 6?
3
Let c(u) = -u + 12. Calculate the remainder when c(8) is divided by 1.
0
Let w = 48 - 29. Let p = 145 - 91. Calculate the remainder when p is divided by w.
16
Suppose -10*j + 40 = -0*j. Suppose 8*q - 40 = 4*q. What is the remainder when q is divided by j?
2
Suppose c + 6*c = 126. What is the remainder when 35 is divided by c?
17
Suppose -2*c = 4*g - 6*c - 32, 3*g + 4*c = -4. Suppose z + w = 25, -g*z = w - 107 + 7. Suppose 120 = 6*x + 66. Calculate the remainder when z is divided by x.
7
Let a = -13 + 26. Let s(l) = 10*l + 1. Calculate the remainder when s(5) is divided by a.
12
Let s = 8 + -4. Suppose -5*t - g = -50, 5*g - 54 = -s*t + 7. Calculate the remainder when t is divided by 3.
0
Suppose -21 = -s - 4*m + 39, 5*m = 20. What is the remainder when s is divided by (0 - 2/(-6))/((-3)/(-135))?
14
Let w(d) = -d + 3. Let z be w(4). Let a(p) = 2*p**2 + p. Let m be a(z). What is the remainder when 3*m/((-3)/(-33)) is divided by 17?
16
Suppose 340 = 13*y + 4*y. What is the remainder when 38 is divided by y?
18
Let a = -6 + 24. Calculate the remainder when a is divided by 10.
8
Let n(u) = -u - 15. Let g be n(-8). Let d = g - -10. Suppose 11 + 49 = d*h. Calculate the remainder when 39 is divided by h.
19
Let s = 14 + 3. Suppose -4*p - 7 = -27. Suppose -2*h + p*w = -12, 2*h - 4*w - 12 = -0*w. What is the remainder when s is divided by h?
5
Let v be 2*((-297)/(-6))/3. Let c = 52 - v. Let d = 18 - -37. What is the remainder when d is divided by c?
17
Let a(s) = -s + 12. Let q be a(10). What is the remainder when 29 is divided by (-114)/(-12) + 1/q?
9
Let c = 1 - -22. Let v = c - 12. Let b(q) = q**2 - 5*q - 4. What is the remainder when b(-3) is divided by v?
9
Suppose 7*q - 3*q = 88. What is the remainder when q is divided by 6?
4
Let l(j) = -j + 5. Let g be l(5). Suppose z - 4*n - 11 = g, -z - 2*n = 2*z - 33. Calculate the remainder when 43 is divided by z.
10
Suppose 2*k - s + 3*s - 8 = 0, -3*s = -4*k + 9. Let d = k + 44. What is the remainder when d is divided by 12?
11
Let r = 2 + 5. Suppose -5*k - l + 27 = 0, 0 = -k - 0*k - 4*l - 6. Suppose 5*t - k = 4. What is the remainder when r is divided by t?
1
Suppose -4*k - 4*n + 64 = 0, -3*n + 2 = -1. Suppose b = -c + 38, 41 = 4*c - 2*b - 135. Calculate the remainder when c is divided by k.
12
Let x(v) = -4*v + 110. Calculate the remainder when x(0) is divided by 14.
12
Let a = -83 - -89. Calculate the remainder when 21 is divided by a.
3
Let x(k) = -3*k**2 + 18*k - 5. Calculate the remainder when 46 is divided by x(5).
6
Suppose -2*i + 6 = -5*i. Let q = 14 + i. What is the remainder when q is divided by 7?
5
Suppose -7*a + 489 = -169. What is the remainder when a is divided by 12?
10
Suppose f - 1 - 1 = 0. Suppose f*q = 29 + 59. Suppose -3*o + 4*o = 4*i + 11, -4 = -4*i. What is the remainder when q is divided by o?
14
Let q(j) = -60*j**3 + j**2 + j + 1. What is the remainder when q(-1) is divided by 16?
13
Let n be (1/2)/(2/80). Let w = -30 + n. Calculate the remainder when 38 is divided by ((-8)/w)/((-3)/(-75)).
18
Let m(y) = -y**2 - 1. Let l = 4 + -4. Let n be m(l). Let j = 1 - n. What is the remainder when 5 is divided by j?
1
Let t = 1 - -5. Let g(k) = 6 + 2 - 1 + 5*k + 1. What is the remainder when g(t) is divided by 13?
12
Suppose -x + 2*z - 7*z = 0, -4*z - 16 = 0. Calculate the remainder when 118 is divided by x.
18
Let g be 63/(-2)*(-6)/(-3). Calculate the remainder when ((-34)/3)/((-2)/3) is divided by (g/14)/(2/(-4)).
8
Suppose -5*k + 4*b - 26 = 0, 5*b - 6 = -5*k + 4. Let c be k*(-2)/(-4) + -63. Let n = 90 + c. Calculate the remainder when n is divided by 9.
8
Let k be (-5 + 4)*3 - (-5 - -6). Suppose -z + 4*m = 110, m + 478 = -4*z - 2*m. What is the remainder when 3/k + z/(-8) is divided by 8?
6
Suppose -3*x - x - 388 = 0. Suppose -5*y = -5*q + 110, 5*q - 18 - 101 = 2*y. Calculate the remainder when q is divided by (-2)/(-11) - x/11.
7
Let v(f) = 4 + 0*f + 8*f - 7. Let u be v(2). Suppose -2*l = q - u, -q + 0*q = -3. What is the remainder when 13 is divided by l?
3
Suppose 3 = -4*z + 7. Calculate the remainder when 1 is divided by -2 + 6 - 2 - z.
0
Suppose 0 = -3*g - h - 1, 2*h -